 r. Let w be c(-1). Let h be -13 + 350/14 - 8. Let q be (-11)/(h + 468/w). What is the highest common factor of 29 and q?
29
Suppose 0 = 2*x + 4*a - 60, -x + 57 = -4*a + 21. Let n = 41 - x. Let q = 23 + -14. Calculate the greatest common divisor of q and n.
9
Let q(w) = -w**3 - 27*w**2 + 27*w - 20. Let s(f) = -f**2 - 17*f + 10. Let r be s(-19). Let a be q(r). Calculate the greatest common factor of a and 52.
4
Let g be (-26)/(-8) + -12*2/(-32). Suppose 5*n - 59 = -g*y, 2*y = -n - 2 + 39. What is the greatest common divisor of y and 168?
21
Let c(s) = -2*s + 91. Suppose -x - 9 = -2*x. Suppose -5*o - 2*p + 6 = 0, 3 + x = -4*o + 4*p. Let b be c(o). What is the highest common divisor of 7 and b?
7
Suppose 6*i - 314 = 34. Let n = i - -25. Suppose -7 = -5*j + n. What is the highest common factor of 6 and j?
6
Suppose 13*r = -28*r - 10*r + 436254. What is the highest common divisor of r and 364?
182
Let g = 719 + -704. Calculate the greatest common divisor of g and 1150.
5
Let h = 84 + 186. Suppose 0 = -99*d + 93*d + h. What is the greatest common divisor of d and 225?
45
Let n = 2 + 0. Suppose -280*z - 75528 = -2378*z. Calculate the highest common factor of z and n.
2
Suppose q - 85 = -3*g, 8*g + q = 10*g - 45. What is the greatest common factor of 24336 and g?
26
Suppose 4*l + 0*b - 7 = -b, l - 5*b = -14. Let z be 2 + 1*(2 + l). Suppose -z*c = -4*c - 88. What is the greatest common divisor of 8 and c?
8
Let b(m) = -1995*m + 2864. Let c be b(0). What is the highest common factor of 80 and c?
16
Let z = 1289 - 1191. Calculate the highest common divisor of 2303 and z.
49
Let f(z) = 120*z**2 - 8*z + 11. Let h be 9 - 28*(-6)/(-24). Let d be f(h). What is the highest common factor of 19 and d?
19
Let b = 20 + 62. Suppose -3*i + 2*x = -27, 4*x + 15 = -5*i + b. Suppose -2*y = p - 181, 4*p = -5*y - p + 465. Calculate the greatest common divisor of i and y.
11
Suppose -54*q - 8426 + 81326 = 0. What is the greatest common factor of 216 and q?
54
Suppose 4*m - 15 = 5. Suppose -8 = -z - 4*a - 1, 131 = m*z - 4*a. Suppose -4 = -3*d + z. Calculate the highest common factor of 9 and d.
9
Let s be -25 - (-4 - 2)*(-44)/(-66). Let n be (s/(-5) + 5)*(-15)/(-6). What is the highest common divisor of n and 161?
23
Let l = -350 + 354. Suppose 36*o = 35*o + l. What is the highest common divisor of 38 and o?
2
Let p be 54/(((-9)/(-48))/(6/24)). What is the greatest common divisor of p and 102?
6
Suppose -179*u + 106*u - 179*u = -36540. Calculate the highest common factor of u and 7105.
145
Let f(y) = 36*y - 3. Let a be f(2). Let m = -12185 + 12346. What is the greatest common factor of m and a?
23
Let l be 2 - ((-2)/7 + 20/(-28)). Suppose c + 0*c - 5*t = 20, -l*c + 5*t = -20. Suppose -2*x + 15 + 35 = c. What is the highest common divisor of 20 and x?
5
Suppose l = 2*t - 6*t + 1100, 9*l = 8*l. Calculate the greatest common factor of 170 and t.
5
Let m be (-18)/(-5) + 2/5. Suppose 0 = -4*a - 8*w - 60 - 16, -3*w = 4*a + 26. What is the greatest common factor of m and a?
1
Suppose -75*j + 8 = 2*k - 78*j, 16 = 4*k + 5*j. What is the highest common factor of 100 and k?
4
Let m = 260 - 99. Let w be (194 + -263)*(-2)/6. What is the greatest common divisor of m and w?
23
Let z(w) = 5*w**2 + 6*w - 65. Let t be z(5). Let c = -88 + 223. Calculate the greatest common divisor of t and c.
45
Suppose 0 = 4*x + 1164 - 1324. Calculate the greatest common factor of x and 820.
20
Let p(y) = y**2 - 2*y + 63. Let j be p(0). Suppose j = 2*w - x + 2*x, -3*w + 3*x = -117. Calculate the highest common factor of 4 and w.
2
Suppose -12*g + 39 = -13*g. Let c be -4 - ((-854)/26 + 6/g). What is the greatest common divisor of 116 and c?
29
Suppose 24*b + 79*b - 2266 = 0. Calculate the highest common factor of 5962 and b.
22
Suppose -45 = 3*x - 6*x. Let y be 2724*(1 - 0)/2. Let u be (-2)/x + y/90. What is the highest common factor of u and 15?
15
Let n be 150/6 + (0 - 2). Suppose -t = -5*w + 49 + n, -w = -1. Let p = -48 - t. Calculate the highest common divisor of p and 190.
19
Suppose -29 = -3*z - 3*u + 4, u = -3*z + 37. Suppose 2*n + 2*y - 8 - 170 = 0, 184 = 2*n - y. Calculate the greatest common factor of n and z.
13
Let h be 0/((-8 + 2)/(-6)). Suppose h = 280*k - 278*k - 8. What is the highest common divisor of 148 and k?
4
Let n(h) = 15 + 6*h - 25 - 5. Let r be n(8). Suppose r = 6*b - 5*b. Calculate the highest common divisor of b and 22.
11
Let z = 78 + 214. Suppose -28*d = -24*d - z. Let p = -25 + d. What is the greatest common factor of 72 and p?
24
Let f(v) = -14*v**3 + 2*v - 1. Let t be f(1). Let w(l) = -5*l - 5. Let j be w(t). Let q = 278 + -254. What is the greatest common factor of j and q?
12
Let t = -38 - -87. Let l be -45 + -26 + -12 + 90. Calculate the greatest common divisor of l and t.
7
Suppose 12 = 4*r + 2*l, -2*l = 12*r - 15*r + 2. Calculate the greatest common factor of r and 258.
2
Let h be 449/((-2 + 1)/(1 - 0)). Let j = -424 - h. Calculate the greatest common divisor of 1025 and j.
25
Let m(i) = i**3 - 2*i**2 - 15*i. Let v be m(5). Suppose v = 3*b - 4*k - 1018, 8*k = -b + 3*k + 352. Calculate the greatest common divisor of 9 and b.
9
Let l be 5 + -2 - (-29 + -2). Let r = l + -31. Let x be 647/r + 3/9. What is the highest common factor of x and 24?
24
Let n be -20 - (-239 - 0 - 0). Calculate the highest common divisor of n and 24309.
219
Let h = 44 - 29. Suppose -6 = -h*j + 13*j. Suppose -3*b - j*g = -g - 66, 3*g - 9 = 0. What is the greatest common divisor of b and 10?
10
Suppose 0 = 2*j - 5*j + 6. Suppose -12 = 5*m - j. Let r be (68/85)/(m/(-20)). What is the greatest common divisor of r and 88?
8
Suppose 0 = -4*m - s + 220, -26*m + 28*m - 110 = -4*s. What is the highest common divisor of 5830 and m?
55
Let y be ((-1)/5 - 36/(-5)) + 69 + -52. Calculate the greatest common divisor of 1608 and y.
24
Suppose a = 10*m - 8*m - 77, -3*a - 105 = -3*m. What is the highest common divisor of 28 and m?
14
Let q be (-30 + 8)*(4 + -2). Let a = q - -70. Let i = -56 - -121. Calculate the highest common divisor of a and i.
13
Suppose 5*x - 238 = 5*p - 128, 0 = 8*x + 5*p - 215. What is the highest common factor of 14700 and x?
25
Suppose 2*z = 4*z - 206. Let b = z - 98. Suppose b*d - 98 = 7. Calculate the greatest common divisor of d and 147.
21
Let i be (48 - 54)*(-7)/3. Suppose 5*w - 67 + 22 = 0. Suppose -5*p - 112 = -w*p. Calculate the greatest common factor of p and i.
14
Suppose -5*l + 2*s - 4*s + 301 = 0, -4*l + 221 = -5*s. Suppose l = -10*m + 209. Calculate the greatest common factor of m and 240.
15
Suppose 125*d + 5206 = 4*r + 123*d, -3*d = 4*r - 5191. Calculate the greatest common factor of 500 and r.
100
Let w be (12/(-5))/((-16)/40). Suppose -11*z - w = -13*z. Suppose z*l = l, 5*d = 2*l + 75. What is the highest common divisor of 165 and d?
15
Let f be (-258)/(-24) + 0 + 9/(-12). Let y = -125 - -205. Calculate the highest common divisor of y and f.
10
Let s(o) = -68*o + 47 + 46 + 71*o - 17. Let c be s(-24). Suppose -2*h = 4*i + i - 135, c*h - 225 = 5*i. What is the greatest common divisor of h and 15?
15
Suppose 2*w + 98 = 4*b - 10, 66 = 2*b + 5*w. Suppose -6*q - 25 = -11*q - 5*r, -6*r = q + 10. Calculate the greatest common factor of b and q.
4
Suppose -3*n + 135017 = 4*z + 34292, 5*z = -5*n + 125905. Calculate the highest common divisor of 18 and z.
18
Suppose 99 = 5*j - 4*c, 3*j + 2*c - 16 = 39. What is the greatest common divisor of j and 5339?
19
Suppose 54*l = 173*l - 13054 - 18838. What is the greatest common factor of l and 34304?
268
Suppose 15*f - 8141 + 5111 = 0. Calculate the greatest common factor of 2626 and f.
202
Let p be (156/(-11))/26*66/(-4). Calculate the greatest common divisor of 9927 and p.
9
Let z(p) = -p**3 - 25*p**2 - 68*p - 20. Let r be z(-22). Let d = 279 + -252. Calculate the highest common divisor of r and d.
3
Let m be (-4)/1 - (8 - (37 + 6)). Suppose -297 - 139 = -l. Let c = l + -126. What is the greatest common divisor of m and c?
31
Suppose -669 = -19*b + 2*p - 0*p, 0 = 3*b - 4*p - 113. What is the greatest common divisor of 1498 and b?
7
Let j(x) = -x**2 - 2*x + 137. Let l be j(0). Let p = 189 - l. Calculate the greatest common factor of 468 and p.
52
Let l be 23/(2415/42)*225. What is the greatest common factor of l and 5805?
45
Suppose 9*m = -